{"id":235,"date":"2019-03-28T18:26:02","date_gmt":"2019-03-28T18:26:02","guid":{"rendered":"https:\/\/nos-net.de\/WordPress_01\/?page_id=235"},"modified":"2024-01-17T15:28:45","modified_gmt":"2024-01-17T15:28:45","slug":"sonepar-deutschland","status":"publish","type":"page","link":"https:\/\/nos-net.de\/WordPress_01\/sonepar-deutschland\/","title":{"rendered":"Sonepar Deutschland"},"content":{"rendered":"\n<figure class=\"wp-block-image size-full is-resized is-style-default\"><img decoding=\"async\" loading=\"lazy\" src=\"https:\/\/nos-net.de\/WordPress_01\/wp-content\/uploads\/2024\/01\/sonepar.png\" alt=\"\" class=\"wp-image-1081\" width=\"195\" height=\"104\" srcset=\"https:\/\/nos-net.de\/WordPress_01\/wp-content\/uploads\/2024\/01\/sonepar.png 1024w, https:\/\/nos-net.de\/WordPress_01\/wp-content\/uploads\/2024\/01\/sonepar-300x161.png 300w, https:\/\/nos-net.de\/WordPress_01\/wp-content\/uploads\/2024\/01\/sonepar-768x411.png 768w\" sizes=\"(max-width: 195px) 100vw, 195px\" \/><\/figure>\n\n\n\n<h4>Beschreibung<\/h4>\n\n\n\n<img decoding=\"async\" class=\"LagerLightImage\" src=\"https:\/\/nos-net.de\/WordPress_01\/wp-content\/uploads\/2019\/03\/opl98151-e1553616304406.jpg\"><\/img><p>Mit Lager Light erhalten Sie einen hochwertigen Barcode-Scanner, der speziell auf die Belange in Ihrem Tagesgesch\u00e4ft ausgelegt ist.\n<p>\nLager Light unterst\u00fctzt Sie nicht nur bei der Materialbestellung. Das Ger\u00e4t liest alle g\u00e4ngigen Barcode-Typen und ist somit auch f\u00fcr andere Einsatzgebiete nutzbar. Hierzu geh\u00f6ren insbesondere: \n<ul>\n<li>\nBestellungen\n<\/li>\n<li>\nEin- und Umlagerung\n<\/li>\n<li>\nProjektbuchungen\n<\/li>\n<li>\nIventur\n<\/li>\n<\/ul><\/p>\n\n\n\n<h4>Eigenschaften<\/h4>\n\n\n\n<ul>\n<li>Bearbeitung von Bestellungen vor der \u00dcbergabe an den Sonepar Online-Shop<\/li>\n\n\n\n<li>Anzeige des zu jedem Artikel geh\u00f6renden Kurztextes<\/li>\n\n\n\n<li>\u00c4nderung der Bestellmenge<\/li>\n\n\n\n<li>Manuelles Hinzuf\u00fcgen von weiteren Artikeln <\/li>\n<\/ul>\n\n\n\n<h4>Downloads<\/h4>\n\n\n\n<ul>\n<li><a href=\"https:\/\/www.nos-net.de\/download\/Sonepar\/Setup_Lagerfuchs.msi\">NOS-Lagerfuchs (Software)<\/a><\/li>\n<\/ul>\n\n\n\n<p><\/p>\n","protected":false},"excerpt":{"rendered":"<p>Beschreibung Mit Lager Light erhalten Sie einen hochwertigen Barcode-Scanner, der speziell auf die Belange in Ihrem Tagesgesch\u00e4ft ausgelegt ist. Lager Light unterst\u00fctzt Sie nicht nur bei der Materialbestellung. Das Ger\u00e4t liest alle g\u00e4ngigen Barcode-Typen und ist somit auch f\u00fcr andere Einsatzgebiete nutzbar. Hierzu geh\u00f6ren insbesondere: Bestellungen Ein- und Umlagerung Projektbuchungen Iventur Eigenschaften Downloads<\/p>\n","protected":false},"author":1,"featured_media":0,"parent":0,"menu_order":0,"comment_status":"closed","ping_status":"closed","template":"","meta":[],"_links":{"self":[{"href":"https:\/\/nos-net.de\/WordPress_01\/wp-json\/wp\/v2\/pages\/235"}],"collection":[{"href":"https:\/\/nos-net.de\/WordPress_01\/wp-json\/wp\/v2\/pages"}],"about":[{"href":"https:\/\/nos-net.de\/WordPress_01\/wp-json\/wp\/v2\/types\/page"}],"author":[{"embeddable":true,"href":"https:\/\/nos-net.de\/WordPress_01\/wp-json\/wp\/v2\/users\/1"}],"replies":[{"embeddable":true,"href":"https:\/\/nos-net.de\/WordPress_01\/wp-json\/wp\/v2\/comments?post=235"}],"version-history":[{"count":5,"href":"https:\/\/nos-net.de\/WordPress_01\/wp-json\/wp\/v2\/pages\/235\/revisions"}],"predecessor-version":[{"id":1082,"href":"https:\/\/nos-net.de\/WordPress_01\/wp-json\/wp\/v2\/pages\/235\/revisions\/1082"}],"wp:attachment":[{"href":"https:\/\/nos-net.de\/WordPress_01\/wp-json\/wp\/v2\/media?parent=235"}],"curies":[{"name":"wp","href":"https:\/\/api.w.org\/{rel}","templated":true}]}}